[INFO] cloning repository https://github.com/paomian/playrust
[INFO] running `Command { std: "git" "-c" "credential.helper=" "-c" "credential.helper=/workspace/cargo-home/bin/git-credential-null" "clone" "--bare" "https://github.com/paomian/playrust" "/workspace/cache/git-repos/https%3A%2F%2Fgithub.com%2Fpaomian%2Fplayrust", kill_on_drop: false }`
[INFO] [stderr] Cloning into bare repository '/workspace/cache/git-repos/https%3A%2F%2Fgithub.com%2Fpaomian%2Fplayrust'...
[INFO] running `Command { std: "git" "rev-parse" "HEAD", kill_on_drop: false }`
[INFO] [stdout] 481cb7349e2554a75213a8803a68f40b1fe0e2f3
[INFO] checking paomian/playrust against master#af3c6e733a40e671550e0f0f5aeecaa13772ba56 for pr-74989
[INFO] running `Command { std: "git" "clone" "/workspace/cache/git-repos/https%3A%2F%2Fgithub.com%2Fpaomian%2Fplayrust" "/workspace/builds/worker-6/source", kill_on_drop: false }`
[INFO] [stderr] Cloning into '/workspace/builds/worker-6/source'...
[INFO] [stderr] done.
[INFO] validating manifest of git repo https://github.com/paomian/playrust on toolchain af3c6e733a40e671550e0f0f5aeecaa13772ba56
[INFO] running `Command { std: "/workspace/cargo-home/bin/cargo" "+af3c6e733a40e671550e0f0f5aeecaa13772ba56" "read-manifest" "--manifest-path" "Cargo.toml", kill_on_drop: false }`
[INFO] started tweaking git repo https://github.com/paomian/playrust
[INFO] finished tweaking git repo https://github.com/paomian/playrust
[INFO] tweaked toml for git repo https://github.com/paomian/playrust written to /workspace/builds/worker-6/source/Cargo.toml
[INFO] crate git repo https://github.com/paomian/playrust already has a lockfile, it will not be regenerated
[INFO] running `Command { std: "/workspace/cargo-home/bin/cargo" "+af3c6e733a40e671550e0f0f5aeecaa13772ba56" "fetch" "--locked" "--manifest-path" "Cargo.toml", kill_on_drop: false }`
[INFO] running `Command { std: "docker" "create" "-v" "/var/lib/crater-agent-workspace/builds/worker-6/target:/opt/rustwide/target:rw,Z" "-v" "/var/lib/crater-agent-workspace/builds/worker-6/source:/opt/rustwide/workdir:ro,Z" "-v" "/var/lib/crater-agent-workspace/cargo-home:/opt/rustwide/cargo-home:ro,Z" "-v" "/var/lib/crater-agent-workspace/rustup-home:/opt/rustwide/rustup-home:ro,Z" "-e" "SOURCE_DIR=/opt/rustwide/workdir" "-e" "CARGO_TARGET_DIR=/opt/rustwide/target" "-e" "CARGO_HOME=/opt/rustwide/cargo-home" "-e" "RUSTUP_HOME=/opt/rustwide/rustup-home" "-w" "/opt/rustwide/workdir" "-m" "1610612736" "--user" "0:0" "--network" "none" "rustops/crates-build-env@sha256:d92eaeed33fa75130ca1ee6c8a01d1ffb62bac859dfdfb3450e3e5d1c0146529" "/opt/rustwide/cargo-home/bin/cargo" "+af3c6e733a40e671550e0f0f5aeecaa13772ba56" "metadata" "--no-deps" "--format-version=1", kill_on_drop: false }`
[INFO] [stdout] 0aea80350aa25ebb362316905f4f769af736eaa15a32e8183231a4d0b7e51a96
[INFO] [stderr] WARNING: Your kernel does not support swap limit capabilities or the cgroup is not mounted. Memory limited without swap.
[INFO] running `Command { std: "docker" "start" "-a" "0aea80350aa25ebb362316905f4f769af736eaa15a32e8183231a4d0b7e51a96", kill_on_drop: false }`
[INFO] running `Command { std: "docker" "inspect" "0aea80350aa25ebb362316905f4f769af736eaa15a32e8183231a4d0b7e51a96", kill_on_drop: false }`
[INFO] running `Command { std: "docker" "rm" "-f" "0aea80350aa25ebb362316905f4f769af736eaa15a32e8183231a4d0b7e51a96", kill_on_drop: false }`
[INFO] [stdout] 0aea80350aa25ebb362316905f4f769af736eaa15a32e8183231a4d0b7e51a96
[INFO] running `Command { std: "docker" "create" "-v" "/var/lib/crater-agent-workspace/builds/worker-6/target:/opt/rustwide/target:rw,Z" "-v" "/var/lib/crater-agent-workspace/builds/worker-6/source:/opt/rustwide/workdir:ro,Z" "-v" "/var/lib/crater-agent-workspace/cargo-home:/opt/rustwide/cargo-home:ro,Z" "-v" "/var/lib/crater-agent-workspace/rustup-home:/opt/rustwide/rustup-home:ro,Z" "-e" "SOURCE_DIR=/opt/rustwide/workdir" "-e" "CARGO_TARGET_DIR=/opt/rustwide/target" "-e" "CARGO_INCREMENTAL=0" "-e" "RUST_BACKTRACE=full" "-e" "RUSTFLAGS=--cap-lints=forbid" "-e" "CARGO_HOME=/opt/rustwide/cargo-home" "-e" "RUSTUP_HOME=/opt/rustwide/rustup-home" "-w" "/opt/rustwide/workdir" "-m" "1610612736" "--user" "0:0" "--network" "none" "rustops/crates-build-env@sha256:d92eaeed33fa75130ca1ee6c8a01d1ffb62bac859dfdfb3450e3e5d1c0146529" "/opt/rustwide/cargo-home/bin/cargo" "+af3c6e733a40e671550e0f0f5aeecaa13772ba56" "check" "--frozen" "--all" "--all-targets" "--message-format=json", kill_on_drop: false }`
[INFO] [stdout] 35e4ce2bcee3cc045692cc4ebc2a3637ec4e8b788ca110aac60df87bf30ee259
[INFO] [stderr] WARNING: Your kernel does not support swap limit capabilities or the cgroup is not mounted. Memory limited without swap.
[INFO] running `Command { std: "docker" "start" "-a" "35e4ce2bcee3cc045692cc4ebc2a3637ec4e8b788ca110aac60df87bf30ee259", kill_on_drop: false }`
[INFO] [stderr]     Checking mm v0.0.1 (/opt/rustwide/workdir)
[INFO] [stdout] error: invalid suffix `i` for integer literal
[INFO] [stdout]  --> src/main.rs:6:17
[INFO] [stdout]   |
[INFO] [stdout] 6 |     let mut y = 6i;
[INFO] [stdout]   |                 ^^ invalid suffix `i`
[INFO] [stdout]   |
[INFO] [stdout]   = help: the suffix must be one of the integral types (`u32`, `isize`, etc)
[INFO] [stdout] 
[INFO] [stdout] 
[INFO] [stdout] error: invalid suffix `i` for integer literal
[INFO] [stdout]  --> src/main.rs:7:17
[INFO] [stdout]   |
[INFO] [stdout] 7 |     let mut x = 100i;
[INFO] [stdout]   |                 ^^^^ invalid suffix `i`
[INFO] [stdout]   |
[INFO] [stdout]   = help: the suffix must be one of the integral types (`u32`, `isize`, etc)
[INFO] [stdout] 
[INFO] [stdout] 
[INFO] [stdout] error: expected one of `.`, `;`, `?`, `}`, or an operator, found `println`
[INFO] [stdout]   --> src/main.rs:31:2
[INFO] [stdout]    |
[INFO] [stdout] 30 |     println!("Hello, world!")
[INFO] [stdout]    |                              - expected one of `.`, `;`, `?`, `}`, or an operator
[INFO] [stdout] 31 |     println!("{}",test())
[INFO] [stdout]    |     ^^^^^^^ unexpected token
[INFO] [stdout] 
[INFO] [stdout] 
[INFO] [stdout] error: invalid suffix `i` for integer literal
[INFO] [stdout]  --> src/main.rs:6:17
[INFO] [stdout]   |
[INFO] [stdout] 6 |     let mut y = 6i;
[INFO] [stdout]   |                 ^^ invalid suffix `i`
[INFO] [stdout]   |
[INFO] [stdout]   = help: the suffix must be one of the integral types (`u32`, `isize`, etc)
[INFO] [stdout] 
[INFO] [stdout] 
[INFO] [stdout] error: invalid suffix `i` for integer literal
[INFO] [stdout]  --> src/main.rs:7:17
[INFO] [stdout]   |
[INFO] [stdout] 7 |     let mut x = 100i;
[INFO] [stdout]   |                 ^^^^ invalid suffix `i`
[INFO] [stdout]   |
[INFO] [stdout]   = help: the suffix must be one of the integral types (`u32`, `isize`, etc)
[INFO] [stdout] 
[INFO] [stdout] 
[INFO] [stdout] error: expected one of `.`, `;`, `?`, `}`, or an operator, found `println`
[INFO] [stdout]   --> src/main.rs:31:2
[INFO] [stdout]    |
[INFO] [stdout] 30 |     println!("Hello, world!")
[INFO] [stdout]    |                              - expected one of `.`, `;`, `?`, `}`, or an operator
[INFO] [stdout] 31 |     println!("{}",test())
[INFO] [stdout]    |     ^^^^^^^ unexpected token
[INFO] [stdout] 
[INFO] [stdout] 
[INFO] [stdout] error[E0412]: cannot find type `int` in this scope
[INFO] [stdout]   --> src/main.rs:17:19
[INFO] [stdout]    |
[INFO] [stdout] 17 | fn change(z: &mut int) {
[INFO] [stdout]    |                   ^^^ not found in this scope
[INFO] [stdout] 
[INFO] [stdout] 
[INFO] [stdout] error[E0412]: cannot find type `int` in this scope
[INFO] [stdout]   --> src/main.rs:25:16
[INFO] [stdout]    |
[INFO] [stdout] 25 | fn add_one(x: &int) -> int {
[INFO] [stdout]    |                ^^^ not found in this scope
[INFO] [stdout] 
[INFO] [stdout] 
[INFO] [stdout] error[E0412]: cannot find type `int` in this scope
[INFO] [stdout]   --> src/main.rs:25:24
[INFO] [stdout]    |
[INFO] [stdout] 25 | fn add_one(x: &int) -> int {
[INFO] [stdout]    |                        ^^^ not found in this scope
[INFO] [stdout] 
[INFO] [stdout] 
[INFO] [stdout] error: aborting due to 6 previous errors
[INFO] [stdout] 
[INFO] [stdout] 
[INFO] [stdout] For more information about this error, try `rustc --explain E0412`.
[INFO] [stdout] 
[INFO] [stderr] error: could not compile `mm`.
[INFO] [stderr] 
[INFO] [stderr] To learn more, run the command again with --verbose.
[INFO] [stderr] warning: build failed, waiting for other jobs to finish...
[INFO] [stdout] error[E0412]: cannot find type `int` in this scope
[INFO] [stdout]   --> src/main.rs:17:19
[INFO] [stdout]    |
[INFO] [stdout] 17 | fn change(z: &mut int) {
[INFO] [stdout]    |                   ^^^ not found in this scope
[INFO] [stdout] 
[INFO] [stdout] 
[INFO] [stdout] error[E0412]: cannot find type `int` in this scope
[INFO] [stdout]   --> src/main.rs:25:16
[INFO] [stdout]    |
[INFO] [stdout] 25 | fn add_one(x: &int) -> int {
[INFO] [stdout]    |                ^^^ not found in this scope
[INFO] [stdout] 
[INFO] [stdout] 
[INFO] [stdout] error[E0412]: cannot find type `int` in this scope
[INFO] [stdout]   --> src/main.rs:25:24
[INFO] [stdout]    |
[INFO] [stdout] 25 | fn add_one(x: &int) -> int {
[INFO] [stdout]    |                        ^^^ not found in this scope
[INFO] [stdout] 
[INFO] [stdout] 
[INFO] [stdout] error: aborting due to 6 previous errors
[INFO] [stdout] 
[INFO] [stdout] 
[INFO] [stdout] For more information about this error, try `rustc --explain E0412`.
[INFO] [stdout] 
[INFO] [stderr] error: build failed
[INFO] running `Command { std: "docker" "inspect" "35e4ce2bcee3cc045692cc4ebc2a3637ec4e8b788ca110aac60df87bf30ee259", kill_on_drop: false }`
[INFO] running `Command { std: "docker" "rm" "-f" "35e4ce2bcee3cc045692cc4ebc2a3637ec4e8b788ca110aac60df87bf30ee259", kill_on_drop: false }`
[INFO] [stdout] 35e4ce2bcee3cc045692cc4ebc2a3637ec4e8b788ca110aac60df87bf30ee259
